(b) = 9812*b + 264965. Determine s(-27).
41
Let r(i) = -i**2 - 261662*i + 523323. What is r(2)?
-5
Let n(d) = -172*d - 37835. Determine n(-216).
-683
Let g(b) = 2*b**3 - 42*b**2 - 421*b + 8570. Determine g(20).
-650
Let b(x) = 632308*x - 5690778. What is b(9)?
-6
Let t(p) = 71*p**3 + 3*p**2 - 278*p + 277. Determine t(1).
73
Let t(j) = 3*j**3 + 23*j**2 + 8*j - 13. Calculate t(-7).
29
Let h(s) = -s**3 - 310*s**2 - 910*s + 3003. Determine h(-307).
-374
Let r(c) = -30426*c - 365159. Calculate r(-12).
-47
Let w(j) = -32240*j - 257856. Calculate w(-8).
64
Let n(l) = 2*l**2 + 27516*l + 1124784. What is n(-41)?
-10
Let z(c) = 7*c**2 + 3108*c + 1360. What is z(-444)?
1360
Let j(v) = v**2 - 14265*v + 3737473. Determine j(267).
7
Let x(l) = l**2 + 797*l - 2248358. Calculate x(1153).
-8
Let x(f) = 9471*f + 38086. Determine x(-4).
202
Let j(o) = -334*o + 3320. Give j(12).
-688
Let x(p) = 96*p + 8389. Calculate x(-89).
-155
Let f(k) = 2*k**3 - 375*k**2 - 756*k + 35760. What is f(189)?
39
Let a(j) = 124473*j + 124483. What is a(-1)?
10
Let m(i) = 800*i + 3441. Determine m(-4).
241
Let r(m) = -390*m + 3331. Give r(6).
991
Let j(g) = -g**2 - 3815*g + 126940. Determine j(33).
-44
Let m(r) = 3026*r - 142225. What is m(47)?
-3
Let y(v) = -v**2 + 100*v - 790. Calculate y(78).
926
Let g(m) = -4*m**3 + 84*m**2 + 72*m - 1444. Calculate g(21).
68
Let n(d) = -8*d**3 + 7*d**2 + 46*d - 20. Determine n(4).
-236
Let f(h) = -4*h**3 - 10*h**2 + 1296*h + 5211. Determine f(-4).
123
Let p(h) = -h**3 - 89*h**2 + 4409*h + 395735. Give p(-88).
-1
Let o(w) = w**2 + 2433*w + 55427. What is o(-23)?
-3
Let b(w) = -3069*w - 9444. Determine b(-3).
-237
Let z(q) = 2*q**2 - 348*q - 10398. Give z(-26).
2
Let y(j) = -1588669*j - 3177419. Give y(-2).
-81
Let k(q) = 859*q - 169199. Calculate k(197).
24
Let z(r) = -131*r + 1779. Give z(21).
-972
Let j(m) = 206*m**2 + 8862*m + 157. Determine j(-43).
-15
Let r(v) = -4*v**3 - 469*v**2 - 113*v + 689. Give r(-117).
221
Let s(p) = -p**2 + 25553*p + 716260. Determine s(-28).
-8
Let n(m) = m**2 - 76*m - 4783. Determine n(-42).
173
Let a(q) = -6596*q - 3799287. Calculate a(-576).
9
Let r(s) = -s**3 + 479*s**2 + 757*s - 132846. Determine r(480).
114
Let c(o) = 6733*o - 80704. Give c(12).
92
Let x(s) = -13*s**3 + 6*s**2 + 17*s - 58. Determine x(5).
-1448
Let b(h) = 3*h**2 + 19901*h + 39800. Determine b(-2).
10
Let d(n) = 579*n + 107335. What is d(-187)?
-938
Let n(i) = 2*i**2 + 45*i - 5101. Determine n(-63).
2
Let w(o) = 4*o**3 + 691*o**2 + 526*o + 1750. Determine w(-172).
30
Let g(f) = 12*f**3 + 249*f**2 - 203*f - 2937. Give g(-21).
3
Let m(r) = -16*r**3 - 388*r**2 - 75*r + 501. What is m(-24)?
-3
Let j(l) = -l**3 - 24*l**2 + 468*l - 24. Calculate j(14).
-920
Let w(d) = 30641*d + 152081. Calculate w(-5).
-1124
Let z(y) = -42*y + 555. Give z(15).
-75
Let k(z) = -4976*z + 119485. Give k(24).
61
Let x(p) = -2*p**3 + 176*p**2 - 508*p - 259. Determine x(85).
-89
Let o(w) = 2*w**3 - 26*w**2 - 274*w + 3458. Determine o(14).
14
Let r(x) = -731*x + 146817. Determine r(201).
-114
Let q(r) = 1357*r - 701329. Determine q(517).
240
Let q(c) = 161*c + 1377. What is q(-9)?
-72
Let d(w) = 2*w**2 + 605*w - 4956. Give d(8).
12
Let m(b) = -3*b**2 + 821*b + 66375. Calculate m(339).
-69
Let b(z) = -2066*z - 166135. Determine b(-80).
-855
Let i(v) = 16373*v - 2734305. Determine i(167).
-14
Let o(c) = -784*c**2 + 1191*c + 2373. What is o(-2)?
-3145
Let x(p) = -85*p**2 + 1676*p - 232. What is x(19)?
927
Let l(i) = -2*i**3 - 126*i**2 - 472*i + 78. Calculate l(-59).
78
Let n(q) = -q**2 - 11*q + 36410. Calculate n(186).
-232
Let x(d) = -149*d**2 - 1194*d + 14. Give x(-8).
30
Let r(t) = -4*t**2 + 3349*t + 13386. Calculate r(-4).
-74
Let x(q) = -4*q**3 - 621*q**2 + 1725*q - 2060. Determine x(-158).
-6
Let g(v) = v**2 - 63*v - 25619. Calculate g(-126).
-1805
Let i(g) = -14*g**3 - 100*g**2 + 37*g + 148. What is i(-8)?
620
Let w(n) = 264*n + 90053. Give w(-340).
293
Let n(h) = 985*h - 30864. Give n(32).
656
Let l(c) = -694*c - 40262. Calculate l(-58).
-10
Let a(m) = -135*m**2 - 71*m - 64. Give a(-1).
-128
Let u(d) = -d**2 + 1426*d + 76828. Give u(-52).
-28
Let i(p) = -3*p**3 - 84*p**2 - 127*p + 763. What is i(-26)?
9
Let g(d) = -5*d**3 + 222*d**2 - 699*d + 12. Calculate g(41).
-70
Let n(a) = 2*a**3 + 330*a**2 - 320*a + 2369. Give n(-166).
377
Let b(r) = 2457*r + 14505. What is b(-6)?
-237
Let z(s) = 10*s**3 + 447*s**2 - 323*s - 8468. Give z(-45).
-8
Let v(s) = 420*s + 110052. Give v(-262).
12
Let p(c) = 420308*c - 1260919. What is p(3)?
5
Let v(d) = -d**2 - 187*d - 8495. Give v(-60).
-875
Let l(i) = 6445*i + 636. Calculate l(0).
636
Let j(l) = 231*l - 4400. Determine j(19).
-11
Let g(l) = -35*l**3 - 176*l**2 - 4*l + 10. Calculate g(-5).
5
Let x(u) = -u**3 + 204*u**2 + 203*u + 449. Calculate x(205).
39
Let l(x) = -5*x**3 - 34*x**2 + 736*x - 28. Determine l(-16).
-28
Let s(p) = 38*p**2 - 1688*p - 1019. Give s(45).
-29
Let j(o) = -o**3 - 269*o**2 + 214*o + 57588. Calculate j(-269).
22
Let g(h) = -63381*h - 5007123. What is g(-79)?
-24
Let k(w) = 2*w**2 - 1314*w + 214733. What is k(305)?
13
Let y(w) = -2*w**2 + 704*w - 57715. Give y(222).
5
Let y(c) = -2*c**2 + 117*c - 951. Give y(8).
-143
Let f(s) = 2*s**3 + 5*s**2 - 16107*s - 32228. Give f(-2).
-10
Let z(f) = 10*f**2 - 17470*f + 17471. What is z(1)?
11
Let d(o) = 1464*o + 105443. What is d(-72)?
35
Let w(p) = p**3 + 48*p**2 + 331*p + 37. Determine w(-40).
-403
Let d(j) = -j**3 - 467*j**2 + 43106*j - 15273. What is d(-546)?
15
Let k(d) = -21*d**2 - 971*d + 11471. Give k(-56).
-9
Let f(y) = -y**3 + 16*y**2 - 296*y - 1994. Determine f(-5).
11
Let a(f) = -f**3 - 220*f**2 + 1619*f + 6503. Give a(-227).
-307
Let g(d) = -2862*d - 71578. What is g(-25)?
-28
Let w(o) = -7*o**3 - 4*o**2 + 47*o + 114. Determine w(-2).
60
Let m(a) = -3952*a + 1256567. Give m(318).
-169
Let o(q) = 1547*q + 23397. Determine o(-15).
192
Let r(s) = 2*s**2 + 970*s + 6825. Calculate r(-7).
133
Let r(q) = 3845*q + 23191. Determine r(-6).
121
Let t(f) = -558423*f - 2792109. Give t(-5).
6
Let t(q) = -11*q**3 - 25*q**2 - 231*q - 475. Determine t(-2).
-25
Let z(o) = -10*o**3 + 4*o**2 - 10*o + 19. Calculate z(4).
-597
Let a(l) = l**3 + 73*l**2 - 355*l - 19897. Calculate a(-74).
897
Let o(f) = -2*f**3 - 32*f**2 - 719*f - 10501. Calculate o(-15).
-166
Let f(w) = 143*w**3 + 6*w**2 + 35*w - 38. What is f(1)?
146
Let r(a) = 833*a**2 + 572274*a + 2072. Determine r(-687).
11
Let h(x) = 1582*x - 118572. Give h(75).
78
Let p(x) = 1043*x + 8397. Give p(-8).
53
Let t(v) = -34765*v + 11. What is t(0)?
11
Let b(l) = 9251*l + 129768. Calculate b(-14).
254
Let s(x) = 7*x**2 - 1082*x - 30527. Give s(179).
82
Let y(b) = b**3 - 102*b**2 - 3*b - 1. Determine y(102).
-307
Let r(o) = -7*o**2 - 1290*o + 11549. Give r(9).
-628
Let n(i) = -2*i**3 + 181*i**2 - 719*i - 4729. Give n(86).
1
Let f(s) = -81667*s - 408334. Give f(-5).
1
Let l(p) = p**3 + 12*p**2 + 9*p + 110. Determine l(-12).
2
Let d(h) = 118*h**2 - 2805*h - 571. Determine d(24).
77
Let w(b) = -b**3 + 140*b**2 - 618*b + 106972. What is w(141)?
-47
Let j(r) = -6837*r - 314502. What is j(-46)?
0
Let s(o) = 4*o**2 - 1853*o + 9153. Calculate s(5).
-12
Let i(g) = -131*g**2 - 138*g + 5. What is i(-2)?
-243
Let y(j) = -j**2 + 10392*j - 773787. Determine y(75).
-12
Let t(w) = 3*w**3 + 401*w**2 - 100*w + 4574. Calculate t(-134).
18
Let v(h) = 2*h**2 - 12832*h + 4154611. Calculate v(342).
-5
Let z(l) = 53571*l + 267862. Give z(-5).
7
Let c(d) = -10*d**2 - 307*d + 495. Calculate c(-32).
79
Let s(x) = 10085*x + 433643. Calculate s(-43).
-12
Let a(g) = -9*g**2 - 3777*g + 11350. Calculate a(3).
-62
Let l(z) = z**2 - 4166*z + 66404. Calculate l(16).
4
Let j(g) = 3*g**2 - 2211*g + 29130. What is j(13)?
894
Let s(n) = 324*n**2 - 29419*n - 5918. Determine s(91).
-3
Let y(v) = v**2 + 773*v - 15086. Determine y(20).
774
Let w(q) = -280722*q - 60635946. Determine w(-216).
6
Let h(k) = k**3 - 229*k + 1884. Calculate h(9).
552
Let l(k) = k**3 + 12*k**2 + 865*k + 11479. What is l(-13)?
65
Let q(o) = 200*o - 2818. Give q(15).
182
Let z(x) = x**2 + 14*x - 7034. Calculate z(77).
-27
Let q(f) = 2472*f + 7755. Determine q(-3).
339
Let v(q) = 121*q**2 + 579*q - 31. What is v(-4)?
-411
Let l(g) = g**3 + 363*g**2 + 345*g - 6149. Calculate l(-362).
5
Let w(m) = m**3 -